+ -2 - 1*h) + 0?
3
Let g(m) = -44*m**2 + 6 - 5*m + m**3 + 27*m**2 + 22*m**2. Let h(o) = -o**3 + 2*o**2 + 4*o. Let z be h(3). What is the units digit of g(z)?
3
Let h(l) = -2*l**3 - l**2 + 2*l + 1. Let k be h(-3). Let p = -24 + k. What is the units digit of p?
6
Let n be (-3)/4*-4 + 0. Suppose n + 7 = m. Suppose -3*k = -2*k + j - m, -j = -3*k + 38. What is the units digit of k?
2
Let v(o) = o**3 - 7*o**2 - 3*o. Let r be v(8). Suppose -3*c + r = 5*i, c - 36 = -0*c + 4*i. Suppose t - c = 18. What is the tens digit of t?
3
Let q be (-184)/18 - 6/(-27). Let g(i) = i**2 - 17*i + 54. Let a be g(14). Let l = a + q. What is the units digit of l?
2
Suppose 5*i = -g + 2, 8 = 4*g + 4*i - 0. Let k(a) = 32*a**3 + 4*a**2 - 6*a + 5. What is the tens digit of k(g)?
6
Suppose 6*l = -31 - 17. Let y be -1 + (-32)/(l + 4). Suppose -q = -y*q + 282. What is the tens digit of q?
4
Let w be 2/(2*(-3)/39). Let k = -10 - w. Suppose -k*q = -6*q + 15. What is the units digit of q?
5
Suppose -p + 2*v - 5*v + 218 = 0, 3*v = -2*p + 436. Suppose 5*w = p + 422. What is the units digit of w?
8
Let w be ((-9)/(-12))/((-6)/(-40)). Suppose 5*s - 10 = 0, -4*y + w*y + 4*s = 217. What is the units digit of y?
9
Let r(k) = -k + 12. Let a be ((-6)/8)/((-10)/120). Let q be r(a). What is the tens digit of (-2 + 25)/(4 - q)?
2
Let m be (-8)/(-3) + (-2)/(-6). Suppose m*r - 11 = -j, 4*j = -5*r + j + 25. Suppose -4*h + r + 2 = 0. What is the units digit of h?
1
Let s(r) = -r**2 - 14*r + 193. What is the units digit of s(0)?
3
Suppose -4*r + 806 = 2*z, -168 - 46 = -r + 2*z. What is the tens digit of r?
0
Let d(x) = -x**3 - 6*x**2 + x + 6. Let v be d(-6). Suppose -4*k - 5*f + 5 + 63 = 0, 5*f = -5*k + 80. Suppose k = 3*y - v. What is the units digit of y?
4
Let y(a) = -4*a**3 - 7*a**2 - 5*a + 5. What is the tens digit of y(-6)?
4
Let z(h) = -588*h - 20. What is the units digit of z(-4)?
2
Suppose 13 = 2*t + 4*i - 15, 3*t + 3*i = 27. Suppose -304 + t = -6*s. What is the units digit of s?
0
Suppose 0 = 2*z - 2, 4*n + 3*z - 1 - 6 = 0. Let a be (-1002)/30 + 1/((-10)/(-4)). Let k = n - a. What is the tens digit of k?
3
Suppose 5*u - 6 = 14. Suppose -4*b = 4*x - 40, -u*b - 5*x = -0 - 39. What is the units digit of b?
1
Let g(q) be the third derivative of q**5/60 + q**4/6 + 7*q**3/6 - q**2. Suppose 10 = -12*m - 26. What is the units digit of g(m)?
4
Let o = 417 - 296. What is the units digit of o?
1
Let o = 35 - 35. What is the units digit of (-15)/(-5) + o - 0?
3
Let t(j) = 2*j**2 - 174*j - 30. What is the hundreds digit of t(-18)?
7
Suppose 2*x + 21 = -0*t + 5*t, 0 = 5*t - 5*x - 30. Suppose c + 76 = -2*l - 3*c, t*l - 5*c + 114 = 0. What is the units digit of (-12)/18 - l/3?
2
Let h = 0 - -2. Suppose h*m + 0*m = 158. Let a = -53 + m. What is the tens digit of a?
2
Suppose 5*z + 5*n - 1827 = 6*n, -4*z - 3*n + 1473 = 0. What is the hundreds digit of z?
3
Let w be 4*18/(-2)*7/(-14). Let h = w + 18. What is the units digit of h?
6
Let k(h) = -7*h + 5. Let l be k(-6). Suppose 4*p - 261 = l. What is the tens digit of p?
7
Let r be (2/7)/((-4)/(-28)). Suppose 0 = -r*i + 4. Suppose i*d + 5 = 7*d - 3*l, -2 = -2*d + l. What is the units digit of d?
1
Let l(n) = -34*n - 37. What is the tens digit of l(-8)?
3
Let s = 0 - 0. Let c(a) = -8*a + 18*a + s + 1. What is the tens digit of c(1)?
1
Suppose -u + 0*s + s = 6, -u + 5*s - 18 = 0. Let c(y) = -2*y**3 + 4*y**2 + 4*y - 1. Let m be c(u). Let d = m + -45. What is the tens digit of d?
3
What is the units digit of -5 + (3960 + -6)/6?
4
Suppose 4*d = -h + 2489, 56*d - 54*d = -5*h + 12535. What is the tens digit of h?
0
Let v(s) = -80*s - 15. Let n(g) = -16*g - 3. Let w(k) = -11*n(k) + 2*v(k). What is the tens digit of w(5)?
8
Suppose -5*o + 0*o = -4*l + 70, 0 = -5*o - 10. Let f be (2/(-3))/(2/l). Let u = 44 + f. What is the tens digit of u?
3
Let f(v) = -v**3 + 2*v**2 + 8. Let l be f(0). What is the tens digit of (14/l + 0)/((-1)/(-20))?
3
Let k(t) = -33*t**2 + 2*t + 2. Let w(v) = 32*v**2 - v - 1. Let y(s) = 2*k(s) + 3*w(s). What is the tens digit of y(-1)?
3
Suppose 12 = 5*s + 2. Suppose 4*w - 42 = -2*v, -3*v + 51 = -0*v + 2*w. Suppose 51 - v = s*m. What is the tens digit of m?
1
Let g = -9 - -13. Let m be g + (-480)/(-4) + 1. Suppose 4*i + i - m = 0. What is the units digit of i?
5
Suppose -15*y = -16*y + 3. What is the units digit of ((-3)/(-1) + -2)*y?
3
Suppose 0 = -w - 0*w + 229. What is the tens digit of w?
2
Suppose -3*q + 14*h - 15*h = -3893, -3*q = -5*h - 3863. What is the thousands digit of q?
1
Let p(w) = w - 2. Let s be p(-4). Suppose 8*v + 2*v = 90. Let c = s + v. What is the units digit of c?
3
Suppose 10*w = 8*w. Suppose -7*i - 4*q + 620 = -3*i, w = -q - 5. What is the tens digit of i?
6
Let r(z) = 12*z - 33. Let x be r(-19). What is the tens digit of x/(-21) + (-20)/(-35)?
1
Suppose 9*k - 13754 - 11050 = 0. What is the hundreds digit of k?
7
What is the units digit of (-7)/((-56)/12) - (-7274)/4?
0
Let m = -16 - -13. What is the units digit of -485*(0 - m/(-15))?
7
Suppose -15*f + 8005 - 2350 = 0. What is the units digit of f?
7
Let p be (-4)/2*(-5 + 4). Suppose 0*s + 3 = -s + 4*q, 2*s - p = 4*q. Suppose n + 7 - 29 = 2*l, s*n - 62 = -2*l. What is the units digit of n?
4
Let h(d) = 453*d + 193. What is the tens digit of h(5)?
5
Let m(v) be the first derivative of 257*v**2/2 - 4*v + 19. What is the units digit of m(1)?
3
Let s be (-28)/4 + 3*(-6)/9. What is the units digit of s/45 - 4173/(-15)?
8
Suppose 25*j + 394 = 4294. What is the units digit of j?
6
Let q(x) = -7*x - 14. Suppose 0 = 3*h + 2*j + 21, 4*h + h + 5*j + 35 = 0. What is the tens digit of q(h)?
3
Let v(s) = -s**2 - s. Let u(p) = -p**2 + 10*p - 11. Let h be 3*(6/9)/1. Let c(o) = h*v(o) - u(o). What is the units digit of c(-9)?
8
Let d(u) = -596*u - 8. Let l be d(-1). Let w = l + -340. What is the units digit of w?
8
Suppose 86*x + 5131 = 93*x. What is the units digit of x?
3
Suppose -2*d = 4*u - 3*d - 1622, 5*u - d - 2028 = 0. Suppose q + 2*q - 426 = 3*f, -u = -3*q - f. Suppose -3*o = -q + 32. What is the tens digit of o?
3
Let k(b) = 28*b**2 + 4*b + 4. What is the tens digit of k(-2)?
0
Suppose 3*f - 3*a + 771 = 8*f, -2*f + a = -304. What is the tens digit of f?
5
Suppose 6*z = 11*z + 5. Let o(x) = -79*x - 2. What is the tens digit of o(z)?
7
Let n(x) = -1 - 4 - 2 + 2*x**2 - 2*x + 9*x. Let g be n(-6). Suppose 5*f = g + 22. What is the units digit of f?
9
Let t(m) = m + 810. Let f be t(0). What is the tens digit of (1/(-2))/((-1623)/f - -2)?
3
Let o(p) = -p**3 + 2 + 5 - 4*p + 5*p**2 - 1 - p. Let t be o(4). Suppose t = z - 15. What is the tens digit of z?
1
Let n = -16 + 15. Let f be 2/6*(n + 10). Suppose -4*t = -f*t - 12. What is the units digit of t?
2
Let p = 40 - 73. Let t be 22/p + 116/3. Let a = -20 + t. What is the units digit of a?
8
Let m(p) = p**2 + 10*p + 26. Let y be m(-4). Suppose -4*w = a - 138, -a = -3*w - y*a + 103. What is the tens digit of w?
3
Let s(b) = -10*b**2 - 54*b + 84. Let a(w) = -2*w**2 - 11*w + 17. Let o(t) = -11*a(t) + 2*s(t). What is the units digit of o(-8)?
5
Let x(i) = 3*i**2 + 8*i - 2. Let y(k) = -4*k**2 - 9*k + 3. Let c(h) = 3*x(h) + 2*y(h). What is the units digit of c(8)?
2
Let u be (0 - 0 - -3) + 18. Let v be 2/3 - 980/u. Let g = 77 + v. What is the units digit of g?
1
Let h(v) be the third derivative of v**5/60 - v**4/8 - v**3/2 - v**2. Suppose 0 = 4*r - 29 + 49. What is the tens digit of h(r)?
3
Let h(n) = -11 - 52*n**2 + 60*n**2 + 3*n + 2*n. What is the hundreds digit of h(4)?
1
Suppose i + 271 = 835. Suppose -q + 4*q - i = 0. What is the units digit of q/6 - (-1)/(-3)?
1
Suppose 5*v - 2*v = -27. Let x = -6 - v. Suppose -68 = -x*q + 49. What is the tens digit of q?
3
Let j be (-16)/(-72) + (-752)/(-18). Suppose -4*d = 2*d - 30. Suppose 5*z - 3*w = w + j, 4*z = -d*w + 9. What is the units digit of z?
6
Suppose -5*a + 4443 = -2*t, -4*t = 72*a - 68*a - 3560. What is the hundreds digit of a?
8
Let k be 68/18 + 14/63. Let w = k + -2. Suppose -h + 114 = w*h. What is the units digit of h?
8
Let j be 6 + (-2 + -5 - 11). Suppose -5*m + 10*m = 185. What is the units digit of m/4 + j/48?
9
Let o(q) = 4*q**2 + 10*q - 1. Let h be o(-3). Let l(b) = 3*b**2 - 8*b + 26. What is the tens digit of l(h)?
6
Let n = -2 - 0. Let c be n/(-12)*8*9. Let o(r) = -r**3 + 13*